{"id":4814,"date":"2022-07-29T10:04:26","date_gmt":"2022-07-29T08:04:26","guid":{"rendered":"https:\/\/bsv-grimlinghausen.de\/?page_id=4814"},"modified":"2025-08-22T12:18:04","modified_gmt":"2025-08-22T10:18:04","slug":"kirmeskroenchen-2019","status":"publish","type":"page","link":"https:\/\/bsv-grimlinghausen.de\/?page_id=4814","title":{"rendered":"Kirmeskr\u00f6nchen 2019"},"content":{"rendered":"<h2><span style=\"color: #ff0000;\">TR\u00c4GERIN DES KIRMESKR\u00d6NCHENS<\/span><\/h2>\n<h3><span style=\"color: #ff0000;\">Als 222. Tr\u00e4gerin wurde Stella Seeger ausgew\u00e4hlt<\/span><\/h3>\n<div align=\"justify\"><span style=\"font-size: small;\">Wenn sich am Morgen des Sch\u00fctzenfest-Sonntages die Aktiven mit Sch\u00fctzenk\u00f6nig und Komitee an der Spitze zum festlichen Hochamt in St. Cyriakus einfinden, setzt zu Beginn des Gottesdienstes nach altem, \u00fcberlieferten Brauch der Pfarrer einem M\u00e4dchen eine Krone, geflochten aus Gr\u00fcn und Rosen, auf das Haupt. <\/span><span style=\"font-size: small;\">Dies ist so seit \u00fcber 230 Jahren, seit die damalige Besitzerin des Reuterhofes, die Witwe <a href=\"https:\/\/gw.geneanet.org\/cvpolier?lang=en&amp;iz=0&amp;p=maria+theresia&amp;n=von+francken+sierstorpff\" target=\"_blank\" rel=\"noopener\">Maria Theresia von Kempis (geb. Freiin von Francken-Siertorpff)<\/a>, dies in der Stiftungsurkunde vom 23. Dezember 1787 bestimmt hat: \u201eBis zu ewigen Zeiten onab\u00e4nderlich\u201c ist zum Feste des Pfarrpatrons ein tugendhaftes M\u00e4dchen, das der Pastor zu bestimmen habe, vor der versammelten Gemeinde mit einem Kranz aus Rosen und einem Geldgeschenk auszuzeichnen. Mit dieser Stiftung wollte Theresia von Kempis in einer Zeit \u201et\u00e4glich mehr einrei\u00dfender Verderbnis\u201c der Jugend einen Ansporn zu gesitteterem Lebenswandel geben. Erst Jahrzehnte sp\u00e4ter etablierte sich in Grimlinghausen ebenfalls zum Pfarrpatrozinium das Sch\u00fctzenwesen. Der Volksmund machte dann aus der Tugendkrone das \u201eKirmeskr\u00f6nchen\u201c. Das urspr\u00fcngliche Stiftungskapital der Maria Theresia von Kempis ist schon lange den Wirren der Zeit zum Opfer gefallen; dankenswerterweise hat die Stadt Neuss nach dem Erwerb des Reuterhofes ab 1955 die Weiterf\u00fchrung dieser auf dem Hof lastenden Verpflichtung \u00fcbernommen.<br \/>\n<\/span><\/div>\n<p><img decoding=\"async\" class=\"size-medium wp-image-689 alignleft\" src=\"https:\/\/bsv-grimlinghausen.de\/wp-content\/uploads\/2018\/01\/kk2019.jpeg\" alt=\"\" width=\"330\"><\/p>\n<div align=\"justify\"><span style=\"font-size: small;\"><span style=\"font-size: small;\"><span style=\"font-size: small;\"><span style=\"font-size: small;\">Die Auswahl der Tr\u00e4gerin des Kirmeskr\u00f6nchens f\u00e4llt in diesem Jahr in die Zust\u00e4ndigkeit von Kaplan Sebastian Lambertz aus der Pfarrei St. Cyriakus. Er hat sich f\u00fcr <strong>Stella Seeger <\/strong>entschieden. Als die 222. Tr\u00e4gerin des Kirmeskr\u00f6nchens wird Stella im Pfarrarchiv urkundlich festgehalten werden und erh\u00e4lt am Sch\u00fctzenfestsonntag in der Pfarrkirche St. Cyriakus das Kirmeskr\u00f6nchen.<br \/>\nStella ist 18 Jahre alt und wuchs mit ihren Eltern und ihren Br\u00fcdern, Tom und Lukas, in Grimlinghausen auf. Sie engagierte sich bereits w\u00e4hrend ihrer Schulzeit intensiv ehrenamtlich und wurde als Anerkennung mit dem \u201eMarienberg Preis\u201c ausgezeichnet. Dar\u00fcber hinaus ist Stella seit ihrem 15. Lebensjahr Messdienerleiterin in St. Cyriakus und wirkt so am Gemeindeleben und der Gestaltung der Sommerlager mit.<br \/>\nStellas gr\u00f6\u00dfte Leidenschaft ist Hockey. Sie spielt in der 1. Damenmannschaft des HTC Schwarz Wei\u00df Neuss und investiert viel Zeit in den Sport. Die 18-J\u00e4hrige studiert Medizin im 2. Semester an der Heinrich-Heine-Universit\u00e4t in D\u00fcsseldorf.<br \/>\nBesonders der Umgang mit Menschen bereitet ihr viel Freude.<br \/>\nDa beide Br\u00fcder und ihr Vater aktiv im Sch\u00fctzenleben sind, wuchs Stella mit der Tradition des Sch\u00fctzenwesens auf.<br \/>\nSie freut sich sehr \u00fcber die Auszeichnung und w\u00e4hlt als ihre Begleiterinnen Sophia De Luca und Johanna Gr\u00f6he.<\/span><br \/>\n<span style=\"font-size: small;\"><br \/>\n<a href=\"https:\/\/bsv-grimlinghausen.de\/wp-content\/uploads\/2018\/08\/2019_Stadtkurier_2019_08_Seite-7.pdf\" target=\"_blank\" rel=\"noopener\">Pressebericht Stadtkurier 08\/2019<\/a> \/ <a href=\"https:\/\/bsv-grimlinghausen.de\/wp-content\/uploads\/2018\/08\/20190801_NGZ_Prospekte_Seite-17.pdf\" target=\"_blank\" rel=\"noopener\">Pressebericht NGZ Sonderbeilage 08\/2019<\/a><\/span><\/span><\/span><\/span><\/div>\n<div align=\"justify\"><\/div>\n<p><span style=\"font-size: small; color: #ff0000;\"><a href=\"javascript:history.back()\"> Zur\u00fcck <\/a><\/span><\/p>\n","protected":false},"excerpt":{"rendered":"<p>TR\u00c4GERIN DES KIRMESKR\u00d6NCHENS Als 222. Tr\u00e4gerin wurde Stella Seeger ausgew\u00e4hlt Wenn sich am Morgen des Sch\u00fctzenfest-Sonntages die Aktiven mit Sch\u00fctzenk\u00f6nig und Komitee an der Spitze zum festlichen Hochamt in St. &#8230;<\/p>\n","protected":false},"author":3,"featured_media":0,"parent":679,"menu_order":0,"comment_status":"closed","ping_status":"closed","template":"","meta":{"footnotes":""},"class_list":["post-4814","page","type-page","status-publish","hentry"],"_links":{"self":[{"href":"https:\/\/bsv-grimlinghausen.de\/index.php?rest_route=\/wp\/v2\/pages\/4814","targetHints":{"allow":["GET"]}}],"collection":[{"href":"https:\/\/bsv-grimlinghausen.de\/index.php?rest_route=\/wp\/v2\/pages"}],"about":[{"href":"https:\/\/bsv-grimlinghausen.de\/index.php?rest_route=\/wp\/v2\/types\/page"}],"author":[{"embeddable":true,"href":"https:\/\/bsv-grimlinghausen.de\/index.php?rest_route=\/wp\/v2\/users\/3"}],"replies":[{"embeddable":true,"href":"https:\/\/bsv-grimlinghausen.de\/index.php?rest_route=%2Fwp%2Fv2%2Fcomments&post=4814"}],"version-history":[{"count":2,"href":"https:\/\/bsv-grimlinghausen.de\/index.php?rest_route=\/wp\/v2\/pages\/4814\/revisions"}],"predecessor-version":[{"id":4817,"href":"https:\/\/bsv-grimlinghausen.de\/index.php?rest_route=\/wp\/v2\/pages\/4814\/revisions\/4817"}],"up":[{"embeddable":true,"href":"https:\/\/bsv-grimlinghausen.de\/index.php?rest_route=\/wp\/v2\/pages\/679"}],"wp:attachment":[{"href":"https:\/\/bsv-grimlinghausen.de\/index.php?rest_route=%2Fwp%2Fv2%2Fmedia&parent=4814"}],"curies":[{"name":"wp","href":"https:\/\/api.w.org\/{rel}","templated":true}]}}